{"id":9728,"date":"2022-12-14T18:48:48","date_gmt":"2022-12-14T18:48:48","guid":{"rendered":"https:\/\/the7.io\/blank\/?page_id=9728"},"modified":"2025-11-27T15:57:12","modified_gmt":"2025-11-27T14:57:12","slug":"strona-glowna","status":"publish","type":"page","link":"https:\/\/termishy.pl\/","title":{"rendered":""},"content":{"rendered":"\t\t<div data-elementor-type=\"wp-page\" data-elementor-id=\"9728\" class=\"elementor elementor-9728\" data-elementor-post-type=\"page\">\n\t\t\t\t<div class=\"elementor-element elementor-element-f1344f5 e-con-full e-flex e-con e-parent\" data-id=\"f1344f5\" data-element_type=\"container\" data-settings=\"{&quot;background_background&quot;:&quot;gradient&quot;,&quot;background_motion_fx_motion_fx_scrolling&quot;:&quot;yes&quot;,&quot;background_motion_fx_blur_effect&quot;:&quot;yes&quot;,&quot;background_motion_fx_blur_level&quot;:{&quot;unit&quot;:&quot;px&quot;,&quot;size&quot;:2,&quot;sizes&quot;:[]},&quot;background_motion_fx_blur_range&quot;:{&quot;unit&quot;:&quot;%&quot;,&quot;size&quot;:&quot;&quot;,&quot;sizes&quot;:{&quot;start&quot;:0,&quot;end&quot;:100}},&quot;background_motion_fx_blur_direction&quot;:&quot;out-in&quot;,&quot;background_motion_fx_devices&quot;:[&quot;desktop&quot;,&quot;tablet&quot;,&quot;mobile&quot;]}\">\n\t\t<div class=\"elementor-element elementor-element-5f31839 e-con-full e-flex e-con e-child\" data-id=\"5f31839\" data-element_type=\"container\">\n\t\t\t\t<div class=\"elementor-element elementor-element-d0e75b1 elementor-widget elementor-widget-text-editor\" data-id=\"d0e75b1\" data-element_type=\"widget\" data-widget_type=\"text-editor.default\">\n\t\t\t\t<div class=\"elementor-widget-container\">\n\t\t\t\t\t\t\t<p style=\"margin-bottom: 10px;\" data-pm-slice=\"1 1 []\">TERMISHY<\/p>\t\t\t\t\t\t<\/div>\n\t\t\t\t<\/div>\n\t\t\t\t<div class=\"elementor-element elementor-element-e870813 elementor-widget elementor-widget-text-editor\" data-id=\"e870813\" data-element_type=\"widget\" data-widget_type=\"text-editor.default\">\n\t\t\t\t<div class=\"elementor-widget-container\">\n\t\t\t\t\t\t\t<p>Niezast\u0105pione opaski na migren\u0119, stworzone z my\u015bl\u0105 o <strong>naturalnej<\/strong> uldze- bez lek\u00f3w i skutk\u00f3w ubocznych. Wyj\u0105tkowo mi\u0119kki materia\u0142 otulaj\u0105c Twoj\u0105 g\u0142ow\u0119, dostarczy Ci przyjemnej dawki <strong>ulgi<\/strong>, kt\u00f3rej <strong>potrzebujesz<\/strong> <img decoding=\"async\" class=\"emoji\" role=\"img\" draggable=\"false\" src=\"https:\/\/s.w.org\/images\/core\/emoji\/15.1.0\/svg\/2b50.svg\" alt=\"\u2b50\ufe0f\" \/><\/p>\t\t\t\t\t\t<\/div>\n\t\t\t\t<\/div>\n\t\t\t\t<div class=\"elementor-element elementor-element-d28b8d8 elementor-mobile-align-center elementor-widget elementor-widget-button\" data-id=\"d28b8d8\" data-element_type=\"widget\" data-widget_type=\"button.default\">\n\t\t\t\t<div class=\"elementor-widget-container\">\n\t\t\t\t\t<div class=\"elementor-button-wrapper\">\n\t\t\t<a class=\"elementor-button elementor-button-link elementor-size-sm\" href=\"https:\/\/termishy.pl\/?page_id=18257\">\n\t\t\t\t\t\t<span class=\"elementor-button-content-wrapper\">\n\t\t\t\t\t\t\t\t\t<span class=\"elementor-button-text\">Sprawd\u017a nasze produkty<\/span>\n\t\t\t\t\t<\/span>\n\t\t\t\t\t<\/a>\n\t\t<\/div>\n\t\t\t\t<\/div>\n\t\t\t\t<\/div>\n\t\t\t\t<\/div>\n\t\t<div class=\"elementor-element elementor-element-9e57b72 e-con-full e-flex e-con e-child\" data-id=\"9e57b72\" data-element_type=\"container\">\n\t\t\t\t<div class=\"elementor-element elementor-element-034fb9f elementor-widget elementor-widget-image\" data-id=\"034fb9f\" data-element_type=\"widget\" data-widget_type=\"image.default\">\n\t\t\t\t<div class=\"elementor-widget-container\">\n\t\t\t\t\t\t\t\t\t\t\t\t\t<img fetchpriority=\"high\" decoding=\"async\" width=\"1024\" height=\"1024\" src=\"https:\/\/termishy.pl\/wp-content\/uploads\/2025\/07\/main-photo-1024x1024.jpg\" class=\"attachment-large size-large wp-image-18105\" alt=\"\" srcset=\"https:\/\/termishy.pl\/wp-content\/uploads\/2025\/07\/main-photo-1024x1024.jpg 1024w, https:\/\/termishy.pl\/wp-content\/uploads\/2025\/07\/main-photo-300x300.jpg 300w, https:\/\/termishy.pl\/wp-content\/uploads\/2025\/07\/main-photo-150x150.jpg 150w, https:\/\/termishy.pl\/wp-content\/uploads\/2025\/07\/main-photo-768x768.jpg 768w, https:\/\/termishy.pl\/wp-content\/uploads\/2025\/07\/main-photo-1536x1536.jpg 1536w, https:\/\/termishy.pl\/wp-content\/uploads\/2025\/07\/main-photo-2048x2048.jpg 2048w, https:\/\/termishy.pl\/wp-content\/uploads\/2025\/07\/main-photo-1000x1000.jpg 1000w, https:\/\/termishy.pl\/wp-content\/uploads\/2025\/07\/main-photo-200x200.jpg 200w\" sizes=\"(max-width: 1024px) 100vw, 1024px\" \/>\t\t\t\t\t\t\t\t\t\t\t\t\t<\/div>\n\t\t\t\t<\/div>\n\t\t\t\t<\/div>\n\t\t\t\t<\/div>\n\t\t<div class=\"elementor-element elementor-element-cad1b53 e-con-full e-flex e-con e-child\" data-id=\"cad1b53\" data-element_type=\"container\" data-settings=\"{&quot;background_background&quot;:&quot;classic&quot;}\">\n\t\t\t\t<div class=\"elementor-element elementor-element-97e64b9 elementor-widget-divider--view-line elementor-widget elementor-widget-divider\" data-id=\"97e64b9\" data-element_type=\"widget\" data-widget_type=\"divider.default\">\n\t\t\t\t<div class=\"elementor-widget-container\">\n\t\t\t\t\t<div class=\"elementor-divider\">\n\t\t\t<span class=\"elementor-divider-separator\">\n\t\t\t\t\t\t<\/span>\n\t\t<\/div>\n\t\t\t\t<\/div>\n\t\t\t\t<\/div>\n\t\t\t\t<\/div>\n\t\t<div class=\"elementor-element elementor-element-fa56de2 e-con-full e-flex e-con e-child\" data-id=\"fa56de2\" data-element_type=\"container\">\n\t\t\t\t<div class=\"elementor-element elementor-element-ff0ef66 elementor-widget-divider--view-line elementor-widget elementor-widget-divider\" data-id=\"ff0ef66\" data-element_type=\"widget\" data-widget_type=\"divider.default\">\n\t\t\t\t<div class=\"elementor-widget-container\">\n\t\t\t\t\t<div class=\"elementor-divider\">\n\t\t\t<span class=\"elementor-divider-separator\">\n\t\t\t\t\t\t<\/span>\n\t\t<\/div>\n\t\t\t\t<\/div>\n\t\t\t\t<\/div>\n\t\t\t\t<\/div>\n\t\t<div class=\"elementor-element elementor-element-6f24ef0 e-con-full e-flex e-con e-parent\" data-id=\"6f24ef0\" data-element_type=\"container\">\n\t\t\t\t<div class=\"elementor-element elementor-element-96fe633 elementor-widget-divider--view-line elementor-widget elementor-widget-divider\" data-id=\"96fe633\" data-element_type=\"widget\" data-widget_type=\"divider.default\">\n\t\t\t\t<div class=\"elementor-widget-container\">\n\t\t\t\t\t<div class=\"elementor-divider\">\n\t\t\t<span class=\"elementor-divider-separator\">\n\t\t\t\t\t\t<\/span>\n\t\t<\/div>\n\t\t\t\t<\/div>\n\t\t\t\t<\/div>\n\t\t\t\t<\/div>\n\t\t<div class=\"elementor-element elementor-element-64c3426c e-flex e-con-boxed e-con e-parent\" data-id=\"64c3426c\" data-element_type=\"container\" data-settings=\"{&quot;background_background&quot;:&quot;gradient&quot;}\">\n\t\t\t\t\t<div class=\"e-con-inner\">\n\t\t\t\t<div class=\"elementor-element elementor-element-d41312c elementor-widget elementor-widget-heading\" data-id=\"d41312c\" data-element_type=\"widget\" data-widget_type=\"heading.default\">\n\t\t\t\t<div class=\"elementor-widget-container\">\n\t\t\t<h1 class=\"elementor-heading-title elementor-size-default\">Zero chemii. 100% kontroli.<\/h1>\t\t<\/div>\n\t\t\t\t<\/div>\n\t\t\t\t<div class=\"elementor-element elementor-element-70034d74 elementor-widget-divider--view-line elementor-widget elementor-widget-divider\" data-id=\"70034d74\" data-element_type=\"widget\" data-settings=\"{&quot;_animation_mobile&quot;:&quot;pulse&quot;}\" data-widget_type=\"divider.default\">\n\t\t\t\t<div class=\"elementor-widget-container\">\n\t\t\t\t\t<div class=\"elementor-divider\">\n\t\t\t<span class=\"elementor-divider-separator\">\n\t\t\t\t\t\t<\/span>\n\t\t<\/div>\n\t\t\t\t<\/div>\n\t\t\t\t<\/div>\n\t\t\t\t<div class=\"elementor-element elementor-element-fff2082 elementor-widget elementor-widget-text-editor\" data-id=\"fff2082\" data-element_type=\"widget\" data-widget_type=\"text-editor.default\">\n\t\t\t\t<div class=\"elementor-widget-container\">\n\t\t\t\t\t\t\t<p data-pm-slice=\"1 1 []\"><span style=\"font-weight: 400;\">Wszyscy m\u00f3wi\u0105, \u017ce dbaj\u0105 o sk\u00f3r\u0119, ale wi\u0119kszo\u015b\u0107 wrzuca na twarz <\/span><b>gotowce<\/b><span style=\"font-weight: 400;\"> z drogerii i liczy na cud. A jak patrzysz na sk\u0142ad, to wygl\u0105da jak ulotka do <\/span><b>nawozu<\/b><span style=\"font-weight: 400;\">. Po co to wszystko? Tutaj masz co\u015b innego. Co\u015b, co naprawd\u0119 <\/span><b>dzia\u0142a<\/b><span style=\"font-weight: 400;\">. Wrzucasz banana, mi\u00f3d albo zielon\u0105 herbat\u0119. Dodajesz kolagen, wciskasz przycisk \u2013 i masz <\/span><b>\u015bwie\u017c\u0105<\/b><span style=\"font-weight: 400;\"> maseczk\u0119 idealnie dopasowan\u0105 do <\/span><b>siebie<\/b><span style=\"font-weight: 400;\">. Zero chemii. Tylko to, co <\/span><b>sama<\/b><span style=\"font-weight: 400;\"> wybierzesz. Nie musisz i\u015b\u0107 do kosmetyczki ani kupowa\u0107 10 r\u00f3\u017cnych maseczek. Robisz to u siebie, kiedy chcesz, z czego chcesz. I w\u0142a\u015bnie to robi najwi\u0119ksz\u0105 <\/span><b>r\u00f3\u017cnic\u0119<\/b><span style=\"font-weight: 400;\"> \u2013 masz pe\u0142n\u0105 kontrol\u0119 nad tym, co l\u0105duje na<\/span><b> Twoje<\/b><span style=\"font-weight: 400;\">j twarzy.<\/span><\/p>\t\t\t\t\t\t<\/div>\n\t\t\t\t<\/div>\n\t\t\t\t\t<\/div>\n\t\t\t\t<\/div>\n\t\t<div class=\"elementor-element elementor-element-29a41f1 e-flex e-con-boxed e-con e-parent\" data-id=\"29a41f1\" data-element_type=\"container\" data-settings=\"{&quot;background_background&quot;:&quot;classic&quot;}\">\n\t\t\t\t\t<div class=\"e-con-inner\">\n\t\t\t\t<div class=\"elementor-element elementor-element-9eef1e8 elementor-widget-divider--view-line elementor-widget elementor-widget-divider\" data-id=\"9eef1e8\" data-element_type=\"widget\" data-widget_type=\"divider.default\">\n\t\t\t\t<div class=\"elementor-widget-container\">\n\t\t\t\t\t<div class=\"elementor-divider\">\n\t\t\t<span class=\"elementor-divider-separator\">\n\t\t\t\t\t\t<\/span>\n\t\t<\/div>\n\t\t\t\t<\/div>\n\t\t\t\t<\/div>\n\t\t\t\t<div class=\"elementor-element elementor-element-9df9ea5 elementor-widget elementor-widget-text-editor\" data-id=\"9df9ea5\" data-element_type=\"widget\" data-widget_type=\"text-editor.default\">\n\t\t\t\t<div class=\"elementor-widget-container\">\n\t\t\t\t\t\t\t<p><strong>Poznaj Najwa\u017cniejsze Cechy<\/strong><\/p>\t\t\t\t\t\t<\/div>\n\t\t\t\t<\/div>\n\t\t\t\t<div class=\"elementor-element elementor-element-4121948 elementor-widget-divider--view-line elementor-widget elementor-widget-divider\" data-id=\"4121948\" data-element_type=\"widget\" data-widget_type=\"divider.default\">\n\t\t\t\t<div class=\"elementor-widget-container\">\n\t\t\t\t\t<div class=\"elementor-divider\">\n\t\t\t<span class=\"elementor-divider-separator\">\n\t\t\t\t\t\t<\/span>\n\t\t<\/div>\n\t\t\t\t<\/div>\n\t\t\t\t<\/div>\n\t\t\t\t\t<\/div>\n\t\t\t\t<\/div>\n\t\t<div class=\"elementor-element elementor-element-3d269c8 e-flex e-con-boxed e-con e-parent\" data-id=\"3d269c8\" data-element_type=\"container\" data-settings=\"{&quot;background_background&quot;:&quot;gradient&quot;}\">\n\t\t\t\t\t<div class=\"e-con-inner\">\n\t\t<div class=\"elementor-element elementor-element-468b40e e-con-full e-flex e-con e-child\" data-id=\"468b40e\" data-element_type=\"container\">\n\t\t<div class=\"elementor-element elementor-element-df8bacc e-con-full e-flex e-con e-child\" data-id=\"df8bacc\" data-element_type=\"container\" data-settings=\"{&quot;background_background&quot;:&quot;gradient&quot;}\">\n\t\t<div class=\"elementor-element elementor-element-c9b364a e-con-full e-flex elementor-invisible e-con e-child\" data-id=\"c9b364a\" data-element_type=\"container\" data-settings=\"{&quot;background_background&quot;:&quot;classic&quot;,&quot;animation&quot;:&quot;fadeInUp&quot;}\">\n\t\t\t\t<div class=\"elementor-element elementor-element-199fb1c elementor-cta--valign-middle elementor-cta--skin-classic elementor-animated-content elementor-bg-transform elementor-bg-transform-zoom-in elementor-widget elementor-widget-call-to-action\" data-id=\"199fb1c\" data-element_type=\"widget\" data-widget_type=\"call-to-action.default\">\n\t\t\t\t<div class=\"elementor-widget-container\">\n\t\t\t\t\t<div class=\"elementor-cta\">\n\t\t\t\t\t\t\t<div class=\"elementor-cta__content\">\n\t\t\t\t\n\t\t\t\t\n\t\t\t\t\t\t\t\t\t<div class=\"elementor-cta__description elementor-cta__content-item elementor-content-item\">\n\t\t\t\t\t\tTo jest urz\u0105dzenie, kt\u00f3re robi Ci <b>gotow\u0105 <\/b>maseczk\u0119, nie z <b>proszku<\/b>,  nie z <b>tubki<\/b>, tylko z\n<b>normalnych<\/b> sk\u0142adnik\u00f3w, kt\u00f3re masz w <b>domu<\/b>. Wrzucasz banana, troch\u0119 aloesu, \u0142y\u017ck\u0119 miodu,\nalbo witamin\u0119 C. Zalewasz wod\u0105, klikasz start i po kilku minutach\nmasz <b>ciep\u0142\u0105<\/b> maseczk\u0119 w formie p\u0142atka, <b>gotow\u0105<\/b> do na\u0142o\u017cenia na twarz.\ud83c\udf6f\ud83d\udca7 \n\t\t\t\t\t<\/div>\n\t\t\t\t\n\t\t\t\t\t\t\t<\/div>\n\t\t\t\t\t\t<\/div>\n\t\t\t\t<\/div>\n\t\t\t\t<\/div>\n\t\t\t\t<\/div>\n\t\t<div class=\"elementor-element elementor-element-f8ddd7e e-con-full e-flex elementor-invisible e-con e-child\" data-id=\"f8ddd7e\" data-element_type=\"container\" data-settings=\"{&quot;background_background&quot;:&quot;classic&quot;,&quot;animation&quot;:&quot;fadeInUp&quot;}\">\n\t\t\t\t<div class=\"elementor-element elementor-element-26a8138 elementor-cta--valign-middle elementor-cta--skin-classic elementor-animated-content elementor-bg-transform elementor-bg-transform-zoom-in elementor-widget elementor-widget-call-to-action\" data-id=\"26a8138\" data-element_type=\"widget\" data-widget_type=\"call-to-action.default\">\n\t\t\t\t<div class=\"elementor-widget-container\">\n\t\t\t\t\t<div class=\"elementor-cta\">\n\t\t\t\t\t\t\t<div class=\"elementor-cta__content\">\n\t\t\t\t\n\t\t\t\t\n\t\t\t\t\t\t\t\t\t<div class=\"elementor-cta__description elementor-cta__content-item elementor-content-item\">\n\t\t\t\t\t\tNie ma tu <b>chemii<\/b>, nie ma \u017cadnych <b>ulepszaczy<\/b> ani dziwnych sk\u0142ad\u00f3w, kt\u00f3rych nie da si\u0119 wym\u00f3wi\u0107.\nW zestawie masz <b>foremk\u0119,<\/b> do kt\u00f3rej wlewasz gotow\u0105 mieszank\u0119, a z niej powstaje jeden \n\u017celowy p\u0142at. Wygl\u0105da jak\nmaseczka z drogerii, ale jest <b>\u015bwie\u017ca, zdrowa<\/b> i zrobiona przez <b>Ciebie. <\/b>\ud83e\uddea\u2728\n\t\t\t\t\t<\/div>\n\t\t\t\t\n\t\t\t\t\t\t\t<\/div>\n\t\t\t\t\t\t<\/div>\n\t\t\t\t<\/div>\n\t\t\t\t<\/div>\n\t\t\t\t<\/div>\n\t\t<div class=\"elementor-element elementor-element-390505c e-con-full e-flex elementor-invisible e-con e-child\" data-id=\"390505c\" data-element_type=\"container\" data-settings=\"{&quot;background_background&quot;:&quot;classic&quot;,&quot;animation&quot;:&quot;fadeInUp&quot;}\">\n\t\t\t\t<div class=\"elementor-element elementor-element-61c774f elementor-cta--valign-middle elementor-cta--skin-classic elementor-animated-content elementor-bg-transform elementor-bg-transform-zoom-in elementor-widget elementor-widget-call-to-action\" data-id=\"61c774f\" data-element_type=\"widget\" data-widget_type=\"call-to-action.default\">\n\t\t\t\t<div class=\"elementor-widget-container\">\n\t\t\t\t\t<div class=\"elementor-cta\">\n\t\t\t\t\t\t\t<div class=\"elementor-cta__content\">\n\t\t\t\t\n\t\t\t\t\n\t\t\t\t\t\t\t\t\t<div class=\"elementor-cta__description elementor-cta__content-item elementor-content-item\">\n\t\t\t\t\t\tCa\u0142y proces zajmuje\nod <b>trzech<\/b> do <b>pi\u0119ciu<\/b> minut. Nie ma <b>brudu<\/b>, nie ma <b>ha\u0142asu<\/b>, nie potrzeba \u017cadnych specjalnych\n<b>warunk\u00f3w.<\/b> Pod\u0142\u0105czasz urz\u0105dzenie, wrzucasz sk\u0142adniki, wciskasz przycisk i <b>gotowe<\/b>. To\ndzia\u0142a, bo jest <b>naturalne<\/b> i dlatego sk\u00f3ra <b>od razu reaguje<\/b>. Szybciej si\u0119 <b>regeneruje<\/b>, wygl\u0105da\nlepiej, jest czystsza i bardziej <b>napi\u0119ta.<\/b> \ud83e\uddd6\u200d\u2640\ufe0f\ud83c\udf3f\n\t\t\t\t\t<\/div>\n\t\t\t\t\n\t\t\t\t\t\t\t<\/div>\n\t\t\t\t\t\t<\/div>\n\t\t\t\t<\/div>\n\t\t\t\t<\/div>\n\t\t\t\t<\/div>\n\t\t\t\t<\/div>\n\t\t\t\t<\/div>\n\t\t\t\t\t<\/div>\n\t\t\t\t<\/div>\n\t\t<div class=\"elementor-element elementor-element-a946587 e-con-fit e-flex e-con e-parent\" data-id=\"a946587\" data-element_type=\"container\" data-settings=\"{&quot;background_background&quot;:&quot;classic&quot;}\">\n\t\t\t\t<div class=\"elementor-element elementor-element-8238e01 elementor-widget elementor-widget-heading\" data-id=\"8238e01\" data-element_type=\"widget\" data-widget_type=\"heading.default\">\n\t\t\t\t<div class=\"elementor-widget-container\">\n\t\t\t<h1 class=\"elementor-heading-title elementor-size-default\">Gwarancja Zadowolenia<\/h1>\t\t<\/div>\n\t\t\t\t<\/div>\n\t\t\t\t<div class=\"elementor-element elementor-element-2d9b072 elementor-widget-divider--view-line elementor-widget elementor-widget-divider\" data-id=\"2d9b072\" data-element_type=\"widget\" data-settings=\"{&quot;_animation_mobile&quot;:&quot;pulse&quot;}\" data-widget_type=\"divider.default\">\n\t\t\t\t<div class=\"elementor-widget-container\">\n\t\t\t\t\t<div class=\"elementor-divider\">\n\t\t\t<span class=\"elementor-divider-separator\">\n\t\t\t\t\t\t<\/span>\n\t\t<\/div>\n\t\t\t\t<\/div>\n\t\t\t\t<\/div>\n\t\t\t\t<div class=\"elementor-element elementor-element-5794f0f elementor-widget-mobile__width-inherit elementor-widget elementor-widget-text-editor\" data-id=\"5794f0f\" data-element_type=\"widget\" data-widget_type=\"text-editor.default\">\n\t\t\t\t<div class=\"elementor-widget-container\">\n\t\t\t\t\t\t\t<p><strong>Maseczkarka TERMISHY<\/strong><\/p>\t\t\t\t\t\t<\/div>\n\t\t\t\t<\/div>\n\t\t\t\t<div class=\"elementor-element elementor-element-2ecb9ea elementor-widget-divider--view-line elementor-widget elementor-widget-divider\" data-id=\"2ecb9ea\" data-element_type=\"widget\" data-settings=\"{&quot;_animation_mobile&quot;:&quot;pulse&quot;}\" data-widget_type=\"divider.default\">\n\t\t\t\t<div class=\"elementor-widget-container\">\n\t\t\t\t\t<div class=\"elementor-divider\">\n\t\t\t<span class=\"elementor-divider-separator\">\n\t\t\t\t\t\t<\/span>\n\t\t<\/div>\n\t\t\t\t<\/div>\n\t\t\t\t<\/div>\n\t\t\t\t<div class=\"elementor-element elementor-element-4151507 elementor-widget elementor-widget-text-editor\" data-id=\"4151507\" data-element_type=\"widget\" data-widget_type=\"text-editor.default\">\n\t\t\t\t<div class=\"elementor-widget-container\">\n\t\t\t\t\t\t\t<p><span style=\"font-weight: 400;\">W <\/span><b>Termishy<\/b><span style=\"font-weight: 400;\"> dbamy o to, aby\u015b by\u0142 absolutnie zadowolony z naszych produkt\u00f3w. Dlatego te\u017c oferujemy gwarancj\u0119 zadowolenia, kt\u00f3ra pozwala Ci na zwrot <strong>Maseczkarki<\/strong> nawet po <\/span><b>30 dniach<\/b><span style=\"font-weight: 400;\"> u\u017cytkowania. Bez zb\u0119dnych pyta\u0144, bez komplikacji. Tw\u00f3j komfort i satysfakcja s\u0105 dla nas priorytetem.<\/span><\/p>\t\t\t\t\t\t<\/div>\n\t\t\t\t<\/div>\n\t\t\t\t<\/div>\n\t\t<div class=\"elementor-element elementor-element-74c6dc88 e-con-full e-flex e-con e-parent\" data-id=\"74c6dc88\" data-element_type=\"container\" data-settings=\"{&quot;background_background&quot;:&quot;gradient&quot;}\">\n\t\t\t\t<div class=\"elementor-element elementor-element-4ff48f1 elementor-widget__width-initial elementor-widget-mobile__width-initial elementor--h-position-center elementor--v-position-middle elementor-arrows-position-inside elementor-pagination-position-inside elementor-widget elementor-widget-slides\" data-id=\"4ff48f1\" data-element_type=\"widget\" data-settings=\"{&quot;transition&quot;:&quot;fade&quot;,&quot;navigation&quot;:&quot;both&quot;,&quot;autoplay&quot;:&quot;yes&quot;,&quot;pause_on_hover&quot;:&quot;yes&quot;,&quot;pause_on_interaction&quot;:&quot;yes&quot;,&quot;autoplay_speed&quot;:5000,&quot;infinite&quot;:&quot;yes&quot;,&quot;transition_speed&quot;:500}\" data-widget_type=\"slides.default\">\n\t\t\t\t<div class=\"elementor-widget-container\">\n\t\t\t\t\t<div class=\"elementor-swiper\">\n\t\t\t<div class=\"elementor-slides-wrapper elementor-main-swiper swiper\" dir=\"ltr\" data-animation=\"\">\n\t\t\t\t<div class=\"swiper-wrapper elementor-slides\">\n\t\t\t\t\t\t\t\t\t\t<div class=\"elementor-repeater-item-c40fa92 swiper-slide\"><div class=\"swiper-slide-bg\" role=\"img\"><\/div><div class=\"swiper-slide-inner\" ><div class=\"swiper-slide-contents\"><\/div><\/div><\/div>\t\t\t\t<\/div>\n\t\t\t\t\t\t\t<\/div>\n\t\t<\/div>\n\t\t\t\t<\/div>\n\t\t\t\t<\/div>\n\t\t<div class=\"elementor-element elementor-element-68f9125c e-con-full e-flex e-con e-child\" data-id=\"68f9125c\" data-element_type=\"container\">\n\t\t\t\t<div class=\"elementor-element elementor-element-3977a11 elementor-widget elementor-widget-text-editor\" data-id=\"3977a11\" data-element_type=\"widget\" data-widget_type=\"text-editor.default\">\n\t\t\t\t<div class=\"elementor-widget-container\">\n\t\t\t\t\t\t\t<h1>Co znajdziesz w \u015brodku?\ud83c\udf38\u200b<br \/><b style=\"font-size: 14px;\"><span style=\"font-weight: 400;\">\u25cf <\/span>kabel zasilaj\u0105cy \ud83d\udd0c<br \/><\/b><span style=\"font-weight: 400; font-size: 14px;\"><span style=\"font-weight: 400;\">\u25cf <\/span>miark\u0119 do odmierzania \u2696\ufe0f<br \/><\/span><b style=\"font-size: 14px;\"><span style=\"font-weight: 400;\">\u25cf <\/span>szczoteczk\u0119 do czyszczenia\ud83e\uddfc<br \/><\/b><span style=\"font-weight: 400; font-size: 14px;\"><span style=\"font-weight: 400;\">\u25cf <\/span>zestaw 32 tabletek kolagenu \ud83e\ude75<br \/><\/span><b style=\"font-size: 14px;\"><span style=\"font-weight: 400;\">\u25cf <\/span>foremk\u0119 na maseczk\u0119\ud83e\udee7<br \/><\/b><span style=\"font-weight: 400; font-size: 14px;\"><span style=\"font-weight: 400;\">\u25cf <\/span>foremk\u0119 na p\u0142atki pod oczy\ud83c\udf19<br \/><\/span><b style=\"font-size: 14px;\"><span style=\"font-weight: 400;\">\u25cf <\/span>Maseczkark\u0119\u2728<\/b><\/h1>\t\t\t\t\t\t<\/div>\n\t\t\t\t<\/div>\n\t\t\t\t<\/div>\n\t\t\t\t<\/div>\n\t\t\t\t<\/div>\n\t\t","protected":false},"excerpt":{"rendered":"<p>TERMISHY Niezast\u0105pione opaski na migren\u0119, stworzone z my\u015bl\u0105 o naturalnej uldze- bez lek\u00f3w i skutk\u00f3w ubocznych. Wyj\u0105tkowo mi\u0119kki materia\u0142 otulaj\u0105c Twoj\u0105 g\u0142ow\u0119, dostarczy Ci przyjemnej dawki ulgi, kt\u00f3rej potrzebujesz Sprawd\u017a nasze produkty Zero chemii. 100% kontroli. Wszyscy m\u00f3wi\u0105, \u017ce dbaj\u0105 o sk\u00f3r\u0119, ale wi\u0119kszo\u015b\u0107 wrzuca na twarz gotowce z drogerii i liczy na cud. A&hellip;<\/p>\n","protected":false},"author":3,"featured_media":0,"parent":0,"menu_order":1,"comment_status":"closed","ping_status":"closed","template":"elementor_header_footer","meta":{"om_disable_all_campaigns":false,"_monsterinsights_skip_tracking":false,"_monsterinsights_sitenote_active":false,"_monsterinsights_sitenote_note":"","_monsterinsights_sitenote_category":0,"footnotes":""},"class_list":["post-9728","page","type-page","status-publish","hentry"],"aioseo_notices":[],"_links":{"self":[{"href":"https:\/\/termishy.pl\/index.php?rest_route=\/wp\/v2\/pages\/9728","targetHints":{"allow":["GET"]}}],"collection":[{"href":"https:\/\/termishy.pl\/index.php?rest_route=\/wp\/v2\/pages"}],"about":[{"href":"https:\/\/termishy.pl\/index.php?rest_route=\/wp\/v2\/types\/page"}],"author":[{"embeddable":true,"href":"https:\/\/termishy.pl\/index.php?rest_route=\/wp\/v2\/users\/3"}],"replies":[{"embeddable":true,"href":"https:\/\/termishy.pl\/index.php?rest_route=%2Fwp%2Fv2%2Fcomments&post=9728"}],"version-history":[{"count":561,"href":"https:\/\/termishy.pl\/index.php?rest_route=\/wp\/v2\/pages\/9728\/revisions"}],"predecessor-version":[{"id":18272,"href":"https:\/\/termishy.pl\/index.php?rest_route=\/wp\/v2\/pages\/9728\/revisions\/18272"}],"wp:attachment":[{"href":"https:\/\/termishy.pl\/index.php?rest_route=%2Fwp%2Fv2%2Fmedia&parent=9728"}],"curies":[{"name":"wp","href":"https:\/\/api.w.org\/{rel}","templated":true}]}}